{"id":5538,"date":"2020-08-19T14:48:01","date_gmt":"2020-08-19T12:48:01","guid":{"rendered":"https:\/\/murrado.pl\/?post_type=product&#038;p=5538"},"modified":"2021-09-22T23:25:52","modified_gmt":"2021-09-22T21:25:52","slug":"kociol-piec-pereko-ksr-beta-pelet-28-kw-5-klasa-ecodesigne","status":"publish","type":"product","link":"https:\/\/murrado.pl\/index.php\/produkt\/kociol-piec-pereko-ksr-beta-pelet-28-kw-5-klasa-ecodesigne\/","title":{"rendered":"Kocio\u0142 Piec PEREKO KSR Beta PELET 28 kW 5 klasa ecoDESIGNE"},"content":{"rendered":"<h3><strong>Ekologiczne rozwi\u0105zanie i szeroki zakres mocy<\/strong><\/h3>\n<p>Nowoczesny kocio\u0142 KSR Beta Pelet dostosowany jest do spalania peletu \u2013 ekologicznego paliwa naturalnych zasob\u00f3w odnawialnych. Granulki peletu, dzi\u0119ki zastosowaniu palnika PELLAS, wypalaj\u0105 si\u0119 niemal ca\u0142kowicie. Funkcja automatycznego zap\u0142onu, p\u0142ynna regulacja mocy oraz niski pob\u00f3r pr\u0105du sprawiaj\u0105, \u017ce u\u017cytkowanie kot\u0142a jest komfortowe i ekonomiczne. Szeroka gama mocy umo\u017cliwia optymalny dob\u00f3r urz\u0105dzenia. Model KSR Beta Pelet posiada pi\u0105t\u0105 klas\u0119 emisji wg normy PN EN 303-5:2012 oraz certyfikat ECODESIGN.<\/p>\n<h3><strong>Innowacyjna technologia<\/strong><\/h3>\n<p>Konstrukcja korpusu i wymiennika zosta\u0142a opracowana w taki spos\u00f3b, aby urz\u0105dzenie przekazywa\u0142o ciep\u0142o mo\u017cliwie najefektywniej, zachowuj\u0105c przy tym wieloletni\u0105 szczelno\u015b\u0107 i wysok\u0105 bezawaryjno\u015b\u0107. System S.Control automatycznie steruje prac\u0105 kot\u0142a poprzez rozpalanie, czyszczenie oraz kontrol\u0119 p\u0142omienia. Sterownik obs\u0142uguje 3 pompy (c.o., c.w.u oraz pod\u0142ogow\u0105), si\u0142ownik zaworu mieszaj\u0105cego oraz ogranicznik temperatury (STB). Automatyczna zapalarka umo\u017cliwia samoczynne rozpalenie w momencie wskazanym przez u\u017cytkownika. Dodatkowy modu\u0142 Net Control\u00a0 s\u0142u\u017cy do zdalnego sterowania wszystkimi dost\u0119pnymi parametrami przez internet. Modu\u0142y uzupe\u0142niaj\u0105ce Room Control i Room Control Touch\u00a0 dodatkowo podnosz\u0105 komfort obs\u0142ugi.<\/p>\n<h3><strong>Bezpiecze\u0144stwo na pierwszym miejscu<\/strong><\/h3>\n<p>Konstrukcja ca\u0142ego urz\u0105dzenia zosta\u0142a opracowana z dba\u0142o\u015bci\u0105 o bezpiecze\u0144stwo i komfort u\u017cytkowania. Kosz zasypowy\u00a0 jest odseparowany od korpusu kot\u0142a, co eliminuje ryzyko jego niepo\u017c\u0105danego nagrzewania si\u0119. Dodatkowo zosta\u0142y zastosowane automatyczne systemy bezpiecze\u0144stwa takie jak: system spalania nadci\u015bnieniowego, kt\u00f3ry zapobiega cofni\u0119ciu si\u0119 p\u0142omienia oraz czujnik STB, kt\u00f3ry wy\u0142\u0105cza zasilanie podajnika zewn\u0119trznego w razie zbyt wysokiej temperatury.<\/p>\n","protected":false},"excerpt":{"rendered":"<ul>\n<li><strong>Darmowa wysy\u0142ka na terenie Polski<\/strong><\/li>\n<li><strong>10 lat gwarancji<\/strong><\/li>\n<\/ul>\n","protected":false},"featured_media":6351,"comment_status":"open","ping_status":"closed","template":"","meta":{"om_disable_all_campaigns":false,"_monsterinsights_skip_tracking":false,"_monsterinsights_sitenote_active":false,"_monsterinsights_sitenote_note":"","_monsterinsights_sitenote_category":0},"aioseo_notices":[],"_links":{"self":[{"href":"https:\/\/murrado.pl\/index.php\/wp-json\/wp\/v2\/product\/5538"}],"collection":[{"href":"https:\/\/murrado.pl\/index.php\/wp-json\/wp\/v2\/product"}],"about":[{"href":"https:\/\/murrado.pl\/index.php\/wp-json\/wp\/v2\/types\/product"}],"replies":[{"embeddable":true,"href":"https:\/\/murrado.pl\/index.php\/wp-json\/wp\/v2\/comments?post=5538"}],"wp:featuredmedia":[{"embeddable":true,"href":"https:\/\/murrado.pl\/index.php\/wp-json\/wp\/v2\/media\/6351"}],"wp:attachment":[{"href":"https:\/\/murrado.pl\/index.php\/wp-json\/wp\/v2\/media?parent=5538"}],"curies":[{"name":"wp","href":"https:\/\/api.w.org\/{rel}","templated":true}]}}