{"id":5674,"date":"2020-08-30T13:55:13","date_gmt":"2020-08-30T11:55:13","guid":{"rendered":"https:\/\/murrado.pl\/?post_type=product&#038;p=5674"},"modified":"2024-11-09T18:55:22","modified_gmt":"2024-11-09T17:55:22","slug":"pompa-obiegowa-wilo-yonos-pico-25-1-6","status":"publish","type":"product","link":"https:\/\/murrado.pl\/index.php\/produkt\/pompa-obiegowa-wilo-yonos-pico-25-1-6\/","title":{"rendered":"Pompa obiegowa Wilo Yonos PICO 25\/1-6"},"content":{"rendered":"<div class=\"information-block\">\n<div class=\"row\">\n<div class=\"col-xs-12 facts-content\">\n<h2>Specyfikacja<\/h2>\n<div class=\"row\">\n<div class=\"col-xs-12 facts-content\">\n<ul class=\"prod_detail--datalist\">\n<li>\n<div class=\"col-xs-12 col-sm-6\">Maks. ci\u015bnienie robocze\u00a010 bar<\/div>\n<\/li>\n<li>\n<div class=\"col-xs-12 col-sm-6\">Przep\u0142yw maks. 3,5 m\u00b3\/h<\/div>\n<\/li>\n<li>\n<div class=\"col-xs-12 col-sm-6\">Temp.cieczy\u00a0\u00a0-10 \u00b0C do 110 \u00b0C<\/div>\n<\/li>\n<li>\n<div class=\"col-xs-12 col-sm-6\">Pr\u0119dko\u015b\u0107 obr. 800 rpm do\u00a0 4200 rpm<\/div>\n<\/li>\n<li>\n<div class=\"col-xs-12 col-sm-6\">Pob\u00f3r mocy 4.0 W\u00a0 do 40.0 W<\/div>\n<\/li>\n<li>\n<div class=\"col-xs-12 col-sm-6\">Waga ok. 2.0 kg<\/div>\n<\/li>\n<li>\n<div class=\"col-xs-12 col-sm-6\">\n<p>Opak.karton\u00a0 194 x 105 x 174 mm<\/p>\n<p><img loading=\"lazy\" decoding=\"async\" class=\"alignnone size-medium wp-image-5671\" src=\"https:\/\/murrado.pl\/wp-content\/uploads\/2020\/08\/wilo108070_5-300x235.png\" alt=\"\" width=\"300\" height=\"235\" srcset=\"https:\/\/murrado.pl\/wp-content\/uploads\/2020\/08\/wilo108070_5-300x235.png 300w, https:\/\/murrado.pl\/wp-content\/uploads\/2020\/08\/wilo108070_5-1024x802.png 1024w, https:\/\/murrado.pl\/wp-content\/uploads\/2020\/08\/wilo108070_5-768x602.png 768w, https:\/\/murrado.pl\/wp-content\/uploads\/2020\/08\/wilo108070_5-600x470.png 600w, https:\/\/murrado.pl\/wp-content\/uploads\/2020\/08\/wilo108070_5.png 1280w\" sizes=\"(max-width: 300px) 100vw, 300px\" \/><\/p>\n<\/div>\n<\/li>\n<\/ul>\n<\/div>\n<\/div>\n<\/div>\n<\/div>\n<\/div>\n","protected":false},"excerpt":{"rendered":"<div class=\"information-block\">\n<h3><em>Wilo-Yonos PICO 25\/1-6<\/em><\/h3>\n<ul class=\"prod_detail--datalist\">\n<li>D\u0142ugo\u015b\u0107 monta\u017cowa <i>180 mm\u00a0<\/i><\/li>\n<li>Przy\u0142\u0105cze gwintowane G 1\u00bd<\/li>\n<li>Maks. ci\u015bnienie robocze\u00a010 bar<\/li>\n<li>Wysoko\u015b\u0107 podnoszenia maks. 6.00 m<\/li>\n<\/ul>\n<div class=\"row\">\n<div class=\"col-xs-12 facts-content\"><\/div>\n<\/div>\n<\/div>\n","protected":false},"featured_media":5668,"comment_status":"open","ping_status":"closed","template":"","meta":{"om_disable_all_campaigns":false,"_monsterinsights_skip_tracking":false,"_monsterinsights_sitenote_active":false,"_monsterinsights_sitenote_note":"","_monsterinsights_sitenote_category":0},"aioseo_notices":[],"_links":{"self":[{"href":"https:\/\/murrado.pl\/index.php\/wp-json\/wp\/v2\/product\/5674"}],"collection":[{"href":"https:\/\/murrado.pl\/index.php\/wp-json\/wp\/v2\/product"}],"about":[{"href":"https:\/\/murrado.pl\/index.php\/wp-json\/wp\/v2\/types\/product"}],"replies":[{"embeddable":true,"href":"https:\/\/murrado.pl\/index.php\/wp-json\/wp\/v2\/comments?post=5674"}],"wp:featuredmedia":[{"embeddable":true,"href":"https:\/\/murrado.pl\/index.php\/wp-json\/wp\/v2\/media\/5668"}],"wp:attachment":[{"href":"https:\/\/murrado.pl\/index.php\/wp-json\/wp\/v2\/media?parent=5674"}],"curies":[{"name":"wp","href":"https:\/\/api.w.org\/{rel}","templated":true}]}}