{"id":6028,"date":"2020-12-27T17:28:21","date_gmt":"2020-12-27T16:28:21","guid":{"rendered":"https:\/\/murrado.pl\/?post_type=product&#038;p=6028"},"modified":"2025-06-09T12:36:13","modified_gmt":"2025-06-09T10:36:13","slug":"galmet-neptun-kombi-80-lewy-bojler-wymiennik-cwu-wezownica-grzalka-06-084671","status":"publish","type":"product","link":"https:\/\/murrado.pl\/index.php\/produkt\/galmet-neptun-kombi-80-lewy-bojler-wymiennik-cwu-wezownica-grzalka-06-084671\/","title":{"rendered":"GALMET NEPTUN Kombi 80 lewy Bojler Wymiennik cwu w\u0119\u017cownica grza\u0142ka 06-084671"},"content":{"rendered":"<div class=\"wysiwyg --product-card-description\">\n<div class=\"wysiwyg --product-card-description\">Wymienniki c.w.u. SGW(S) Neptun Kombi:<\/div>\n<div class=\"wysiwyg --product-card-description\">-wymiennik wisz\u0105cy pionowy \u015brednica 48 cm<\/div>\n<div class=\"wysiwyg --product-card-description\">-podgrzewanie wody poprzez po\u0142\u0105czenie w\u0119\u017cownicy z kot\u0142em c.o. z lewej strony<\/div>\n<div class=\"wysiwyg --product-card-description\">-podgrzewanie poprzez grza\u0142k\u0119 elektryczn\u0105 1,5 kW<\/div>\n<div class=\"wysiwyg --product-card-description\">-wyposa\u017cony w anod\u0119 magnezow\u0105.<\/div>\n<div class=\"wysiwyg --product-card-description\">Jest praktycznym rozwi\u0105zaniem dla\u00a0 w ka\u017cdej kot\u0142owni. Zamontowana grza\u0142ka w sezonie letnim pozwala na wygaszenie kot\u0142a\/zu\u017cycie energii w tym czasie jest wyj\u0105tkowo niskie\/. Wyb\u00f3r pojemno\u015bci od 80 do 140 litr\u00f3w czyni go uniwersalnym \u017ar\u00f3d\u0142em ciep\u0142ej wody u\u017cytkowej. Szybkie nagrzanie wody w wymienniku c.w.u. zapewnia w\u0119\u017cownica spiralna o du\u017cej d\u0142ugo\u015bci. W po\u0142\u0105czeniu z wydajn\u0105 izolacj\u0105 z g\u0119stej pianki poliuretanowej gwarantuje d\u0142ugie utrzymanie temperatury wody i ekonomiczn\u0105 prac\u0119. Specjalnie wypalana emalia ceramiczna chroni zbiornik wymiennika przed korozj\u0105 i zapewnia higieniczne u\u017cytkowanie.<\/div>\n<\/div>\n","protected":false},"excerpt":{"rendered":"<p><strong>Gwarancja 60 miesi\u0119cy.<\/strong><br \/>\nWymiennik \u00a0wisz\u0105cy, okr\u0105g\u0142y, z grza\u0142k\u0105 elektryczn\u0105, przy\u0142\u0105cze z lewej strony.<\/p>\n","protected":false},"featured_media":6021,"comment_status":"open","ping_status":"closed","template":"","meta":{"om_disable_all_campaigns":false,"_monsterinsights_skip_tracking":false,"_monsterinsights_sitenote_active":false,"_monsterinsights_sitenote_note":"","_monsterinsights_sitenote_category":0},"aioseo_notices":[],"_links":{"self":[{"href":"https:\/\/murrado.pl\/index.php\/wp-json\/wp\/v2\/product\/6028"}],"collection":[{"href":"https:\/\/murrado.pl\/index.php\/wp-json\/wp\/v2\/product"}],"about":[{"href":"https:\/\/murrado.pl\/index.php\/wp-json\/wp\/v2\/types\/product"}],"replies":[{"embeddable":true,"href":"https:\/\/murrado.pl\/index.php\/wp-json\/wp\/v2\/comments?post=6028"}],"wp:featuredmedia":[{"embeddable":true,"href":"https:\/\/murrado.pl\/index.php\/wp-json\/wp\/v2\/media\/6021"}],"wp:attachment":[{"href":"https:\/\/murrado.pl\/index.php\/wp-json\/wp\/v2\/media?parent=6028"}],"curies":[{"name":"wp","href":"https:\/\/api.w.org\/{rel}","templated":true}]}}