{"id":6400,"date":"2021-11-04T22:29:10","date_gmt":"2021-11-04T21:29:10","guid":{"rendered":"https:\/\/murrado.pl\/?post_type=product&#038;p=6400"},"modified":"2025-11-14T12:21:59","modified_gmt":"2025-11-14T11:21:59","slug":"kociol-piec-pereko-comfort-pell-20-kw-palnik-kipi-obrotowy-hit","status":"publish","type":"product","link":"https:\/\/murrado.pl\/index.php\/produkt\/kociol-piec-pereko-comfort-pell-20-kw-palnik-kipi-obrotowy-hit\/","title":{"rendered":"Kocio\u0142 Piec PEREKO Comfort-Pell 20 kW palnik KIPI obrotowy HIT"},"content":{"rendered":"<p><strong>Nowoczesne i sprawdzone sterowanie.<\/strong><br \/>\nZaawansowany sterownik optymalizuje proces spalania, pozwala na kontrol\u0119 dzia\u0142ania kot\u0142a on-line z wykorzystaniem aplikacji mobilnej.<\/p>\n<section id=\"buttons1-10t\" class=\"mbr-section mbr-section__container\" data-rv-view=\"2252\">\n<div class=\"container\">\n<div class=\"row\">\n<div class=\"col-xs-12\"><strong>Kosz zasypowy.<\/strong><\/div>\n<\/div>\n<\/div>\n<\/section>\n<p>Posiada du\u017c\u0105 pojemno\u015b\u0107 dzi\u0119ki nisko osadzonemu paleniska oraz dzi\u0119ki poziomemu wymiennikowi wykonanemu\u00a0 w technologii rur poziomych.<\/p>\n<p><strong>Zapalarka.<\/strong><br \/>\nWysokiej mocy gwarantuj\u0105 szybkie rozpalanie. Dzi\u0119ki temu woda w instalacji nagrzewana jest znacznie szybciej ni\u017c w konkurencyjnych urz\u0105dzeniach.<\/p>\n<p><strong>Obrotowa komora nadmuchowa.<br \/>\n<\/strong>Innowacyjna, obrotowa\u00a0komora \u00a0paleniskowa to przede wszystkim bezobs\u0142ugowe czyszczenie \u2013 komfort obs\u0142ugi i oszcz\u0119dno\u015b\u0107 czasu.<br \/>\nPopi\u00f3\u0142 i \u017cu\u017cel usuwane z komory spalania dzi\u0119ki obrotowi i nadmuchowi. Zawirowanie p\u0142omienia powoduje oddzielenie si\u0119 cz\u0105stek lotnych oraz kszta\u0142towanie si\u0119 kity p\u0142omienia.<\/p>\n","protected":false},"excerpt":{"rendered":"<p><strong>OSZCZ\u0118DNO\u015a\u0106<\/strong><br \/>\nSystem podzia\u0142u powietrza na pierwotne i\u00a0dopalaj\u0105ce odpowiada za maksymalne wykorzystanie paliwa.<\/p>\n<p><strong>TRWA\u0141O\u015a\u0106<\/strong><br \/>\nInnowacyjne rozwi\u0105zanie \u0142o\u017cyskowania oraz starannie wykonana komora paleniskowa dbaj\u0105 o\u00a0zachowanie najwy\u017cszej trwa\u0142o\u015bci.<\/p>\n<p class=\"card-title\"><strong>ZDALNA KONTROLA<\/strong><br \/>\nWsp\u00f3\u0142praca z\u00a0regulatorem pokojowym oraz \u0142\u0105czno\u015b\u0107 Wi-Fi z\u00a0urz\u0105dzeniem mobilnym.<\/p>\n<p class=\"card-title\"><strong>EKOLOGIA<\/strong><br \/>\nKot\u0142y wyposa\u017cone w\u00a0palnik z\u00a0obrotow\u0105 komor\u0105 spalania pracuj\u0105 bardzo efektywnie, generuj\u0105c \u015bladowe ilo\u015bci popio\u0142u \u2013<br \/>\nminimalizuj\u0105 emisj\u0119 py\u0142\u00f3w i\u00a0dwutlenku w\u0119gla do atmosfery.<\/p>\n<p class=\"card-title\"><strong>ZAWSZE CZYSTO<\/strong><br \/>\nAutomatyczne czyszczenie palnika.<\/p>\n","protected":false},"featured_media":8226,"comment_status":"closed","ping_status":"closed","template":"","meta":{"om_disable_all_campaigns":false,"_monsterinsights_skip_tracking":false,"_monsterinsights_sitenote_active":false,"_monsterinsights_sitenote_note":"","_monsterinsights_sitenote_category":0},"aioseo_notices":[],"_links":{"self":[{"href":"https:\/\/murrado.pl\/index.php\/wp-json\/wp\/v2\/product\/6400"}],"collection":[{"href":"https:\/\/murrado.pl\/index.php\/wp-json\/wp\/v2\/product"}],"about":[{"href":"https:\/\/murrado.pl\/index.php\/wp-json\/wp\/v2\/types\/product"}],"replies":[{"embeddable":true,"href":"https:\/\/murrado.pl\/index.php\/wp-json\/wp\/v2\/comments?post=6400"}],"wp:featuredmedia":[{"embeddable":true,"href":"https:\/\/murrado.pl\/index.php\/wp-json\/wp\/v2\/media\/8226"}],"wp:attachment":[{"href":"https:\/\/murrado.pl\/index.php\/wp-json\/wp\/v2\/media?parent=6400"}],"curies":[{"name":"wp","href":"https:\/\/api.w.org\/{rel}","templated":true}]}}