{"id":6705,"date":"2023-03-12T16:09:50","date_gmt":"2023-03-12T15:09:50","guid":{"rendered":"https:\/\/murrado.pl\/?post_type=product&#038;p=6705"},"modified":"2025-11-14T12:17:57","modified_gmt":"2025-11-14T11:17:57","slug":"kociol-piec-na-pelet-pereko-qm-pell-evo-12-kw-nowy-sterownik-plum","status":"publish","type":"product","link":"https:\/\/murrado.pl\/index.php\/produkt\/kociol-piec-na-pelet-pereko-qm-pell-evo-12-kw-nowy-sterownik-plum\/","title":{"rendered":"Kocio\u0142 Piec na pelet PEREKO Qm-PELL EVO 12 kW nowy sterownik PLUM"},"content":{"rendered":"<p>Kocio\u0142 Piec na pelet PEREKO Qm-PELL EVO 12 kW najnowszy sterownik PLUM<\/p>\n<p>-Ma\u0142e wymiary<br \/>\n-\u015arednica czopucha 8 cm<br \/>\n-Sterownik dodatkowo obs\u0142uguj\u0105cy trzeci\u0105\u00a0 pomp\u0119 pod\u0142og\u00f3wki<\/p>\n<p><strong>Kocio\u0142 QmPell EVO <\/strong>zosta\u0142 zaprojektowany z my\u015bl\u0105 o ogrzewaniu przyjaznym \u015brodowisku naturalnemu oraz bud\u017cetowi domowemu.<br \/>\nKocio\u0142 wykonany jest z zachowaniem najwy\u017cszych standard\u00f3w. Kocio\u0142 jest jednym z najbardziej konkurencyjnych urz\u0105dze\u0144 na rynku pod wzgl\u0119dem finansowym. Kocio\u0142 spe\u0142nia najbardziej rygorystyczne wymagania europejskie . Konstrukcja kot\u0142\u00f3w jest bardzo prosta, ale jednocze\u015bnie wytrzyma\u0142a i jako\u015bciowo niezawodna.<\/p>\n","protected":false},"excerpt":{"rendered":"<h3>W niespotykanej cenie bardzo wysokiej jako\u015bci produkt, <b>wyprodukowany ca\u0142o\u015bci w Polsce , <\/b>co gwarantuje, \u017ce b\u0119dzie s\u0142u\u017cy\u0142 przez wiele lat.<\/h3>\n<p><b>Intuicyjny sterownik\u00a0z\u00a0obs\u0142ug\u0105 3 pomp<\/b> i\u00a0mo\u017cliwo\u015bci\u0105 zarz\u0105dzania prac\u0105 kot\u0142a on-line.<br \/>\nJego obs\u0142uga nie wymaga od u\u017cytkownika posiadania specjalistycznej wiedzy.<\/p>\n<p><b>Palnik\u00a0wykonany<\/b> jest z\u00a0wysokiej jako\u015bci stali i\u00a0jest\u00a0\u0142atwy w\u00a0czyszczeniu.<\/p>\n<p>Dopalanie peletu jest bardziej precyzyjne dzi\u0119ki zastosowaniu\u00a0wentylatora wyci\u0105gowego.<\/p>\n<p>Zasobnik paliwa 180 l.<\/p>\n<p><b>\u0141atwe czyszczenie<\/b><\/p>\n<p>Poziome p\u00f3\u0142ki wymiennika pozwalaj\u0105 na \u0142atwe czyszczenie wn\u0119trza kot\u0142a.<\/p>\n","protected":false},"featured_media":8174,"comment_status":"open","ping_status":"closed","template":"","meta":{"om_disable_all_campaigns":false,"_monsterinsights_skip_tracking":false,"_monsterinsights_sitenote_active":false,"_monsterinsights_sitenote_note":"","_monsterinsights_sitenote_category":0},"aioseo_notices":[],"_links":{"self":[{"href":"https:\/\/murrado.pl\/index.php\/wp-json\/wp\/v2\/product\/6705"}],"collection":[{"href":"https:\/\/murrado.pl\/index.php\/wp-json\/wp\/v2\/product"}],"about":[{"href":"https:\/\/murrado.pl\/index.php\/wp-json\/wp\/v2\/types\/product"}],"replies":[{"embeddable":true,"href":"https:\/\/murrado.pl\/index.php\/wp-json\/wp\/v2\/comments?post=6705"}],"wp:featuredmedia":[{"embeddable":true,"href":"https:\/\/murrado.pl\/index.php\/wp-json\/wp\/v2\/media\/8174"}],"wp:attachment":[{"href":"https:\/\/murrado.pl\/index.php\/wp-json\/wp\/v2\/media?parent=6705"}],"curies":[{"name":"wp","href":"https:\/\/api.w.org\/{rel}","templated":true}]}}