{"id":7500,"date":"2023-08-11T10:08:59","date_gmt":"2023-08-11T08:08:59","guid":{"rendered":"https:\/\/murrado.pl\/?post_type=product&#038;p=7500"},"modified":"2025-06-09T12:46:36","modified_gmt":"2025-06-09T10:46:36","slug":"zbiornik-buforowy-galmet-czarny-400l-pianka-poliuretanowa-skay-b-w-nieemaliowany-70-400000","status":"publish","type":"product","link":"https:\/\/murrado.pl\/index.php\/produkt\/zbiornik-buforowy-galmet-czarny-400l-pianka-poliuretanowa-skay-b-w-nieemaliowany-70-400000\/","title":{"rendered":"Zbiornik buforowy GALMET  czarny 400L Pianka Poliuretanowa Skay, B\/W, Nieemaliowany 70-400000"},"content":{"rendered":"<div class=\"wysiwyg --product-card-description\">\n<div class=\"wysiwyg --product-card-description\">\n<div>\n<h1 class=\"product-title\"><b>Zbiornik buforowy bez w\u0119\u017cownicy<\/b><\/h1>\n<\/div>\n<div class=\"wysiwyg --product-card-description\">Zbiornik buforowy 400 l, nieemaliowany z przeznaczeniem na zdemineralizowan\u0105 wod\u0119 kot\u0142ow\u0105 lub roztw\u00f3r glikolu. Zasilanie z kilku niezale\u017cnych \u017ar\u00f3de\u0142 ciep\u0142a (np. kocio\u0142 c.o., pompa ciep\u0142a, kominek). Ocieplony tward\u0105 piank\u0105 poliuretanow\u0105.<\/div>\n<div><\/div>\n<div class=\"styles__CommercialInfo-sc-72ql5u-14 fJDhaW wysiwyg --product-card-description\">\u00a0-Akumulator wody zdemineralizowanej lub roztworu glikolu<\/div>\n<div class=\"styles__CommercialInfo-sc-72ql5u-14 fJDhaW wysiwyg --product-card-description\">&#8211; Wsp\u00f3\u0142praca z r\u00f3\u017cnymi typami \u017ar\u00f3de\u0142 ciep\u0142a (pompa ciep\u0142a, kocio\u0142 na paliwo sta\u0142e, kocio\u0142 gazowy, solary)<\/div>\n<div class=\"styles__CommercialInfo-sc-72ql5u-14 fJDhaW wysiwyg --product-card-description\">&#8211; Izolacja wykonana z pianki poliuretanowej<\/div>\n<\/div>\n<\/div>\n<div><\/div>\n<div>\n<h3 class=\"under-title\">Zbiornik buforowy nieemaliowany, bez w\u0119\u017cownicy &#8211; SG(B)<\/h3>\n<ul>\n<li>Zwi\u0119ksza wydajno\u015b\u0107 instalacji, pozwala obni\u017cy\u0107 koszty ogrzewania.<\/li>\n<li>Ogranicza cz\u0119stotliwo\u015b\u0107 za\u0142\u0105czania kot\u0142a.<\/li>\n<li>Zabezpiecza instalacj\u0119 przed przegrzaniem.<\/li>\n<li>Mo\u017ce by\u0107 zasilany z kilku \u017ar\u00f3de\u0142 ciep\u0142a.<\/li>\n<li>Pozwala na stosowanie zdemineralizowanej wody kot\u0142owej i glikolu.<\/li>\n<li>Pracuje z max. ci\u015bnieniem do 0,3 MPa*.<\/li>\n<li>Typ: 200 &#8211; 5000 litr\u00f3w.<\/li>\n<\/ul>\n<\/div>\n","protected":false},"excerpt":{"rendered":"<p><strong>Gwarancja 60 miesi\u0119cy.<\/strong><\/p>\n","protected":false},"featured_media":0,"comment_status":"open","ping_status":"closed","template":"","meta":{"om_disable_all_campaigns":false,"_monsterinsights_skip_tracking":false,"_monsterinsights_sitenote_active":false,"_monsterinsights_sitenote_note":"","_monsterinsights_sitenote_category":0},"aioseo_notices":[],"_links":{"self":[{"href":"https:\/\/murrado.pl\/index.php\/wp-json\/wp\/v2\/product\/7500"}],"collection":[{"href":"https:\/\/murrado.pl\/index.php\/wp-json\/wp\/v2\/product"}],"about":[{"href":"https:\/\/murrado.pl\/index.php\/wp-json\/wp\/v2\/types\/product"}],"replies":[{"embeddable":true,"href":"https:\/\/murrado.pl\/index.php\/wp-json\/wp\/v2\/comments?post=7500"}],"wp:attachment":[{"href":"https:\/\/murrado.pl\/index.php\/wp-json\/wp\/v2\/media?parent=7500"}],"curies":[{"name":"wp","href":"https:\/\/api.w.org\/{rel}","templated":true}]}}