{"id":7646,"date":"2023-09-25T16:27:27","date_gmt":"2023-09-25T14:27:27","guid":{"rendered":"https:\/\/murrado.pl\/?post_type=product&#038;p=7646"},"modified":"2025-05-26T14:00:46","modified_gmt":"2025-05-26T12:00:46","slug":"galmet-maxi-300-wymiennik-c-w-u-wydluzona-wez-pow-36m-26-308500","status":"publish","type":"product","link":"https:\/\/murrado.pl\/index.php\/produkt\/galmet-maxi-300-wymiennik-c-w-u-wydluzona-wez-pow-36m-26-308500\/","title":{"rendered":"GALMET MAXI 300 Wymiennik c.w.u. wyd\u0142u\u017cona w\u0119\u017c. pow. 3,6m 26-308500"},"content":{"rendered":"<div id=\"ctl00_cp_dd_itDesc\">\n<div id=\"ctl00_cp_dd_itDesc\">\n<div id=\"ctl00_cp_dd_itDesc\">\n<div id=\"ctl00_cp_dd_itDesc\">\n<p class=\"under-title\"><strong>Wymiennik c.w.u. z du\u017c\u0105 w\u0119\u017cownic\u0105 spiraln\u0105, do pomp ciep\u0142a<\/strong><\/p>\n<\/div>\n<div>Pionowy, stoj\u0105cy wymiennik emaliowany MAXI z bardzo du\u017c\u0105 w\u0119\u017cownic\u0105 spiraln\u0105 dedykowan\u0105 do wsp\u00f3\u0142pracy z pompami ciep\u0142a oraz kot\u0142ami CO. S\u0142u\u017cy do podgrzewania i magazynowania wody u\u017cytkowej. Izolacj\u0119 stanowi twarda pianka poliuretanowa oraz mi\u0119kka folia PVC\u00a0. W podgrzewaczu istnieje mo\u017cliwo\u015b\u0107 monta\u017cu kompletu elektrycznego jako dodatkowego \u017ar\u00f3d\u0142a ciep\u0142a.<\/div>\n<div>\n<div><\/div>\n<div><strong>Gwarantowana jako\u015b\u0107<\/strong><\/div>\n<div class=\"styles__CommercialInfo-sc-72ql5u-14 fJDhaW wysiwyg --product-card-description\">Zabezpieczenie antykorozyjne: emalia ceramiczna nak\u0142adana metod\u0105 na mokro oraz anoda magnezowa<br \/>\nIzolacja wykonana z pianki poliuretanowej<\/div>\n<\/div>\n<div>Powi\u0119kszona w\u0119\u017cownica spiralna 3,6 m\u00b2 dedykowana do pomp ciep\u0142a.<br \/>\nMo\u017cliwo\u015b\u0107 monta\u017cu kompletu elektrycznego GE &#8211; opcja.<br \/>\nTermometr w standardzie.<\/div>\n<div>Najwy\u017cszej jako\u015bci emalia ceramiczna EXTRA GLASS.<\/div>\n<div>Gwarancja 60 miesi\u0119cy<\/div>\n<div><\/div>\n<div><strong>Dost\u0119pne w kolorach szarym oraz bia\u0142ym.<\/strong><\/div>\n<div><\/div>\n<div><strong>PROSIMY O KONTAKT W CELU USTALENIA SZCZEG\u00d3\u0141\u00d3W DOSTAWY.<\/strong><\/div>\n<\/div>\n<\/div>\n<\/div>\n","protected":false},"excerpt":{"rendered":"<div class=\"wysiwyg --product-card-description\">\n<div class=\"wysiwyg --product-card-description\">\n<div class=\"wysiwyg --product-card-description\">\n<div class=\"wysiwyg --product-card-description\">\n<p>Wymiennik c.w.u. <strong>MAXI\u00a0 300<\/strong> z du\u017c\u0105 w\u0119\u017cownic\u0105 spiraln\u0105 stoj\u0105cy :<\/p>\n<\/div>\n<div>\n<ul>\n<li>Szybsze nagrzewanie wody &#8211; bardzo du\u017ca w\u0119\u017cownica.<\/li>\n<li>Przeznaczony do pomp ciep\u0142a i kot\u0142\u00f3w CO.<\/li>\n<li>Najwy\u017cszej jako\u015bci emalia ceramiczna EXTRA GLASS<sup>\u00ae<\/sup>.<\/li>\n<li>Dodatkowe zabezpieczenie powierzchni &#8211; anoda magnezowa.<\/li>\n<li>Mo\u017cliwo\u015b\u0107 monta\u017cu kompletu elektrycznego GE.<\/li>\n<li>Pojemno\u015b\u0107: 300 litr\u00f3w<\/li>\n<\/ul>\n<\/div>\n<\/div>\n<\/div>\n<\/div>\n","protected":false},"featured_media":0,"comment_status":"open","ping_status":"closed","template":"","meta":{"om_disable_all_campaigns":false,"_monsterinsights_skip_tracking":false,"_monsterinsights_sitenote_active":false,"_monsterinsights_sitenote_note":"","_monsterinsights_sitenote_category":0},"aioseo_notices":[],"_links":{"self":[{"href":"https:\/\/murrado.pl\/index.php\/wp-json\/wp\/v2\/product\/7646"}],"collection":[{"href":"https:\/\/murrado.pl\/index.php\/wp-json\/wp\/v2\/product"}],"about":[{"href":"https:\/\/murrado.pl\/index.php\/wp-json\/wp\/v2\/types\/product"}],"replies":[{"embeddable":true,"href":"https:\/\/murrado.pl\/index.php\/wp-json\/wp\/v2\/comments?post=7646"}],"wp:attachment":[{"href":"https:\/\/murrado.pl\/index.php\/wp-json\/wp\/v2\/media?parent=7646"}],"curies":[{"name":"wp","href":"https:\/\/api.w.org\/{rel}","templated":true}]}}