{"id":7717,"date":"2023-10-28T12:05:55","date_gmt":"2023-10-28T10:05:55","guid":{"rendered":"https:\/\/murrado.pl\/?post_type=product&#038;p=7717"},"modified":"2025-10-06T17:29:44","modified_gmt":"2025-10-06T15:29:44","slug":"wspornik-kpl-2-szt-zawieszen-szynowych-mca-d-do-grzejnika-plytowego-purmo-typu-v-wysokosc-200mm","status":"publish","type":"product","link":"https:\/\/murrado.pl\/index.php\/produkt\/wspornik-kpl-2-szt-zawieszen-szynowych-mca-d-do-grzejnika-plytowego-purmo-typu-v-wysokosc-200mm\/","title":{"rendered":"Wspornik do grzejnika p\u0142ytowego Purmo typu V wysoko\u015b\u0107 200mm (kpl 2 szt zawiesze\u0144 szynowych)"},"content":{"rendered":"<h3 class=\"styles__Heading-sc-1vba8gj-0 ffTcki\"><span role=\"presentation\">Zestaw (komplet) zawiesze\u0144 szynowych MCA-D do grzejnik\u00f3w p\u0142ytowych bez zaczep\u00f3w wys. 200mm typu: CV 21s, CV 22 \/ FCV 21s, FCV 22 \/ RCV 21s, RCV 22<\/span><\/h3>\n<p><img loading=\"lazy\" decoding=\"async\" class=\"alignnone size-full wp-image-7718\" src=\"https:\/\/murrado.pl\/wp-content\/uploads\/2023\/10\/zawieszenia-cv22-200-tabelka.png\" alt=\"\" width=\"185\" height=\"117\" \/><\/p>\n","protected":false},"excerpt":{"rendered":"<h3 class=\"sc-1vba8gj-0 hvOSJV q0drzu-4 hITqOz\"><strong><em>Dzi\u0119ki zestawowi mo\u017cna zamontowa\u0107 grzejnik w dowolnym miejscu pomieszczenia. Zastosowanie zawiesze\u0144 szynowych pozwala na regulacj\u0119 odleg\u0142o\u015bci mi\u0119dzy \u015bcian\u0105 a grzejnikiem.<\/em><\/strong><\/h3>\n","protected":false},"featured_media":7887,"comment_status":"open","ping_status":"closed","template":"","meta":{"om_disable_all_campaigns":false,"_monsterinsights_skip_tracking":false,"_monsterinsights_sitenote_active":false,"_monsterinsights_sitenote_note":"","_monsterinsights_sitenote_category":0},"aioseo_notices":[],"_links":{"self":[{"href":"https:\/\/murrado.pl\/index.php\/wp-json\/wp\/v2\/product\/7717"}],"collection":[{"href":"https:\/\/murrado.pl\/index.php\/wp-json\/wp\/v2\/product"}],"about":[{"href":"https:\/\/murrado.pl\/index.php\/wp-json\/wp\/v2\/types\/product"}],"replies":[{"embeddable":true,"href":"https:\/\/murrado.pl\/index.php\/wp-json\/wp\/v2\/comments?post=7717"}],"wp:featuredmedia":[{"embeddable":true,"href":"https:\/\/murrado.pl\/index.php\/wp-json\/wp\/v2\/media\/7887"}],"wp:attachment":[{"href":"https:\/\/murrado.pl\/index.php\/wp-json\/wp\/v2\/media?parent=7717"}],"curies":[{"name":"wp","href":"https:\/\/api.w.org\/{rel}","templated":true}]}}